{"id":255,"date":"2024-09-08T15:51:26","date_gmt":"2024-09-08T13:51:26","guid":{"rendered":"https:\/\/shs-ev.de\/?page_id=255"},"modified":"2024-09-12T09:34:41","modified_gmt":"2024-09-12T07:34:41","slug":"gastlieger","status":"publish","type":"page","link":"https:\/\/shs-ev.de\/index.php\/gastlieger\/","title":{"rendered":"Gastlieger"},"content":{"rendered":"<p><strong>Willkommen in unserem Hafen am Nordufer der Schwentine<\/strong><\/p>\n<p><strong>KURZ-Gastlieger<\/strong> &#8211; wenn Sie unseren Hafen spontan anlaufen und nur wenige<strong> (1-3) Tage<\/strong> bleiben wollen:<br \/>\nSuchen Sie sich einen freien Liegeplatz mit gr\u00fcner Plakette aus &#8211; wie man es von vielen anderen H\u00e4fen kennt. Bezahlen Sie das Hafengeld selbstst\u00e4ndig. Unter dem Balkon unseres Seglerheims finden Sie Briefumschl\u00e4ge, die Sie mit Ihrem Namen sowie dem Namen des Bootes beschriften und in denen Sie das Hafengeld deponieren. In der grauen Werkstattt\u00fcr finden Sie einen Briefeinwurf-Schlitz. Die H\u00f6he des Hafengeldes entnehmen Sie der Tabelle, die ebendort ausgeh\u00e4ngt ist. Wir gehen davon aus, dass unser Hafenmeister Sie gelegentlich im Hafen antrifft.<\/p>\n<hr \/>\n<p><strong>ZEITBEGRENZTE<\/strong> Gastlieger &#8211; wenn Sie <strong>mehrere Tage oder gar Wochen<\/strong> bei uns als Gastlieger liegen wollen, und insbesondere wenn Sie Ihr Boot verlassen wollen und nicht an Bord erreichbar sind, dann m\u00fcssen Sie dies VORHER mit unserem Hafenmeister absprechen. Kontaktieren Sie dazu rechtzeitig: Uwe Most, Tel.: 0171 6519806, <a href=\"https:\/\/shs-ev.de\/index.php\/kontakt\/kontakt-zum-hafen\/\">hafen@shs-ev.de<\/a>.<\/p>\n<hr \/>\n<p><strong>WINTERLIEGER<\/strong> &#8211; in unserem im Winter eisfreien Hafen k\u00f6nnen Boote \u00fcberwintern.<br \/>\nDie Wintersaison beginnt bei uns am 16. November und endet am 15. M\u00e4rz des Folgejahres. Wenn Sie Ihr Boot im Winter bei uns liegen lassen wollen, dann wenden Sie sich bitte rechtzeitig vorher an Uwe Most, Tel.: 0171 6519806, <a href=\"https:\/\/shs-ev.de\/index.php\/kontakt\/kontakt-zum-hafen\/\">hafen@shs-ev.de<\/a>. Sie erhalten dann einen Vertrag \u00fcber einen Winterliegeplatz, der uns unterzeichnet vorliegen muss, BEVOR Sie Ihr Boot bei uns festmachen.<\/p>\n<hr \/>\n<p>Boote, die wir in unserem Hafen vorfinden, ohne dass wir den Eigner kennen und eine der hier genannten Liegeplatz-Vereinbarungen getroffen wurde, werden wir kostenpflichtig entfernen.<\/p>\n<p>Mit dem Festmachen in unserem Hafen erkl\u00e4ren Sie sich mit diesen Regelungen einverstanden.<br \/>\nDer Vorstand des SHS e.V.<\/p>\n<p><a href=\"https:\/\/shs-ev.de\/index.php\/verein\/so-findet-man-uns\/\">So findet man uns.<\/a><\/p>\n<p><a href=\"https:\/\/shs-ev.de\/index.php\/kontakt\/kontakt-zum-hafen\/\">Kontakt zum Hafen<\/a><\/p>\n","protected":false},"excerpt":{"rendered":"<p>Willkommen in unserem Hafen am Nordufer der Schwentine KURZ-Gastlieger &#8211; wenn Sie unseren Hafen spontan anlaufen und nur wenige (1-3) Tage bleiben wollen: Suchen Sie sich einen freien Liegeplatz mit [&hellip;]<\/p>\n","protected":false},"author":1,"featured_media":0,"parent":0,"menu_order":25,"comment_status":"closed","ping_status":"closed","template":"","meta":{"footnotes":""},"class_list":["post-255","page","type-page","status-publish","hentry"],"jetpack_sharing_enabled":true,"_links":{"self":[{"href":"https:\/\/shs-ev.de\/index.php\/wp-json\/wp\/v2\/pages\/255","targetHints":{"allow":["GET"]}}],"collection":[{"href":"https:\/\/shs-ev.de\/index.php\/wp-json\/wp\/v2\/pages"}],"about":[{"href":"https:\/\/shs-ev.de\/index.php\/wp-json\/wp\/v2\/types\/page"}],"author":[{"embeddable":true,"href":"https:\/\/shs-ev.de\/index.php\/wp-json\/wp\/v2\/users\/1"}],"replies":[{"embeddable":true,"href":"https:\/\/shs-ev.de\/index.php\/wp-json\/wp\/v2\/comments?post=255"}],"version-history":[{"count":5,"href":"https:\/\/shs-ev.de\/index.php\/wp-json\/wp\/v2\/pages\/255\/revisions"}],"predecessor-version":[{"id":373,"href":"https:\/\/shs-ev.de\/index.php\/wp-json\/wp\/v2\/pages\/255\/revisions\/373"}],"wp:attachment":[{"href":"https:\/\/shs-ev.de\/index.php\/wp-json\/wp\/v2\/media?parent=255"}],"curies":[{"name":"wp","href":"https:\/\/api.w.org\/{rel}","templated":true}]}}